 digit of 2608480?
8
What is the ten thousands digit of 9497081?
9
What is the millions digit of 3089814?
3
What is the hundreds digit of 258815?
8
What is the thousands digit of 476892?
6
What is the millions digit of 8455047?
8
What is the millions digit of 5135317?
5
What is the hundreds digit of 2302730?
7
What is the ten thousands digit of 12938229?
3
What is the ten thousands digit of 812376?
1
What is the units digit of 1589467?
7
What is the millions digit of 23034110?
3
What is the units digit of 467162?
2
What is the millions digit of 22917603?
2
What is the tens digit of 855171?
7
What is the thousands digit of 2525273?
5
What is the hundred thousands digit of 2480865?
4
What is the units digit of 9342612?
2
What is the millions digit of 2416785?
2
What is the units digit of 7492846?
6
What is the ten thousands digit of 6933349?
3
What is the ten thousands digit of 9116577?
1
What is the units digit of 2001498?
8
What is the thousands digit of 1438?
1
What is the ten thousands digit of 11485881?
8
What is the hundreds digit of 220067?
0
What is the tens digit of 982422?
2
What is the tens digit of 2353913?
1
What is the tens digit of 5825949?
4
What is the units digit of 2688759?
9
What is the hundred thousands digit of 163534?
1
What is the hundred thousands digit of 8656665?
6
What is the hundred thousands digit of 183568?
1
What is the tens digit of 496137?
3
What is the millions digit of 1969750?
1
What is the tens digit of 1117787?
8
What is the hundred thousands digit of 9247886?
2
What is the hundreds digit of 601148?
1
What is the ten millions digit of 10633975?
1
What is the thousands digit of 74469?
4
What is the millions digit of 9946592?
9
What is the millions digit of 3107349?
3
What is the millions digit of 24404147?
4
What is the ten thousands digit of 215107?
1
What is the hundred thousands digit of 803626?
8
What is the thousands digit of 339415?
9
What is the units digit of 971796?
6
What is the units digit of 57220?
0
What is the thousands digit of 5917709?
7
What is the ten thousands digit of 372446?
7
What is the hundreds digit of 86286?
2
What is the thousands digit of 220914?
0
What is the tens digit of 40125?
2
What is the tens digit of 1713696?
9
What is the thousands digit of 46708?
6
What is the tens digit of 31323888?
8
What is the thousands digit of 541207?
1
What is the ten thousands digit of 1057224?
5
What is the tens digit of 3995495?
9
What is the tens digit of 433640?
4
What is the millions digit of 1717979?
1
What is the tens digit of 331870?
7
What is the thousands digit of 23731025?
1
What is the hundreds digit of 175251?
2
What is the hundreds digit of 504936?
9
What is the hundred thousands digit of 482017?
4
What is the thousands digit of 4274258?
4
What is the ten millions digit of 36379616?
3
What is the ten millions digit of 16382923?
1
What is the hundred thousands digit of 365284?
3
What is the thousands digit of 7205617?
5
What is the tens digit of 8621678?
7
What is the hundreds digit of 26948715?
7
What is the ten thousands digit of 628501?
2
What is the units digit of 357592?
2
What is the units digit of 32279228?
8
What is the tens digit of 3876880?
8
What is the tens digit of 255547?
4
What is the hundreds digit of 925014?
0
What is the units digit of 647910?
0
What is the ten thousands digit of 10306571?
0
What is the ten thousands digit of 9558365?
5
What is the thousands digit of 14042438?
2
What is the ten thousands digit of 194124?
9
What is the units digit of 1195711?
1
What is the hundred thousands digit of 226810?
2
What is the hundred thousands digit of 115153?
1
What is the tens digit of 450116?
1
What is the hundreds digit of 15565237?
2
What is the ten thousands digit of 541587?
4
What is the hundreds digit of 61229?
2
What is the hundred thousands digit of 178263?
1
What is the tens digit of 351821?
2
What is the ten thousands digit of 5151628?
5
What is the hundreds digit of 204882?
8
What is the hundreds digit of 163837?
8
What is the units digit of 7177296?
6
What is the hundred thousands digit of 4640847?
6
What is the units digit of 448323?
3
What is the ten millions digit of 37748727?
3
What is the thousands digit of 209620?
9
What is the tens digit of 123494?
9
What is the tens digit of 790265?
6
What is the hundreds digit of 4497448?
4
What is the units digit of 2876721?
1
What is the hundreds digit of 258542?
5
What is the tens digit of 613865?
6
What is the ten thousands digit of 1859964?
5
What is the units digit of 3635618?
8
What is the units digit of 324723?
3
What is the thousands digit of 65272?
5
What is the thousands digit of 147264?
7
What is the thousands digit of 17072?
7
What is the thousands digit of 6451269?
1
What is the tens digit of 2856399?
9
What is the units digit of 2741697?
7
What is the hundred thousands digit of 24205666?
2
What is the hundreds digit of 486413?
4
What is the tens digit of 136029?
2
What is the units digit of 186725?
5
What is the hundred thousands digit of 643038?
6
What is the hundred thousands digit of 5808445?
8
What is the tens digit of 863364?
6
What is the ten millions digit of 24432882?
2
What is the hundred thousands digit of 107072?
1
What is the ten thousands digit of 148753?
4
What is the hundreds digit of 14525567?
5
What is the thousands digit of 3068931?
8
What is the ten thousands digit of 999729?
9
What is the tens digit of 911465?
6
What is the units digit of 1334234?
4
What is the units digit of 85315?
5
What is the tens digit of 61369?
6
What is the units digit of 934812?
2
What is the hundreds digit of 6095945?
9
What is the tens digit of 139142?
4
What is the ten thousands digit of 2974233?
7
What is the hundred thousands digit of 2017535?
0
What is the thousands digit of 232836?
2
What is the tens digit of 7341197?
9
What is the hundred thousands digit of 191145?
1
What is the hundred thousands digit of 116865?
1
What is the hundred thousands digit of 999585?
9
What is the units digit of 1234944?
4
What is the thousands digit of 12022133?
2
What is the tens digit of 224752?
5
What is the units digit of 61866?
6
What is the hundreds digit of 12867638?
6
What is the units digit of 88671?
1
What is the tens digit of 5083615?
1
What is the tens digit of 13380?
8
What is the hundred thousands digit of 2764507?
7
What is the units digit of 2416179?
9
What is the hundreds digit of 1224084?
0
What is the tens digit of 28504156?
5
What is the tens digit of 24185944?
4
What is the thousands digit of 119930?
9
What is the hundred thousands digit of 12934985?
9
What is the ten millions digit of 13770507?
1
What is the thousands digit of 7100274?
0
What is the millions digit of 1104671?
1
What is the tens digit of 421556?
5
What is the hundred thousands digit of 11175221?
1
What is the ten thousands digit of 4070401?
7
What is the ten thousands digit of 38873438?
7
What is the hundreds digit of 1967568?
5
What is the thousands digit of 141225?
1
What is the thousands digit of 6630839?
0
What is the hundred thousands digit of 2829547?
8
What is the units digit of 8528717?
7
What is the thousands digit of 3191761?
1
What is the hundred thousands digit of 5180449?
1
What is the hundreds digit of 169771?
7
What is the hundreds digit of 112942?
9
What is the ten thousands digit of 373865?
7
What is the thousands digit of 198845?
8
What is the units digit of 1462372?
2
What is the ten thousands digit of 2478863?
7
What is the tens digit of 16332608?
0
What is the tens digit of 1309774?
7
What is the hundreds digit of 564890?
8
What is the hundreds digit of 28734437?
4
What is the hundreds digit of 852438?
4
What is the units digit of 11233327?
7
What is the hundred thousands digit of 2294315?
2
What is the thousands digit of 563667?
3
What is the thousands digit of 12788237?
8
What is the tens digit of 10492450?
5
What is the tens digit of 2885217?
1
What is the hundred thousands digit of 227490?
2
What is the hundred thousands digit of 342454?
3
What is the ten thousands digit of 1813652?
1
What is the millions digit of 5022160?
5
What is the millions digit of 1039982?
1
What is the hundreds digit of 618572?
5
What is the hundreds digit of 5540287?
2
What is the hundreds digit of 2521792?
7
What is the thousan